en (-348)/x - (-6)/4 is divided by 16?
13
Let d = 112 + 19. What is the remainder when d is divided by 22?
21
Suppose -5*b + 4*b - 21 = 0. Let o = -10 - b. Calculate the remainder when o is divided by 6.
5
Suppose 7 = -3*f + 40. Calculate the remainder when 23 is divided by f.
1
Suppose 4*z = -39 - 21. Let k = 69 - 43. Let x = k + z. What is the remainder when x is divided by 4?
3
Let h be (-4)/(-10) + 13/5. Let a be (2/(-3))/(1/h). Let c(i) = 5*i**2 - i + 2. What is the remainder when c(a) is divided by 13?
11
Suppose -2*g + 3 - 5 = 0. Calculate the remainder when 25 is divided by (g/(-2))/(1/26).
12
Let t be -5*(-1)/(10/(-24)). Let j be (-3 - 1)*(-9)/t. Let i = j + 17. Calculate the remainder when 41 is divided by i.
13
Let y(h) = h**3 - 3*h**2 - 4*h - 7. Let m be (4 - 2)*(-10)/(-4). What is the remainder when y(m) is divided by 8?
7
Suppose -379 = -11*j - 38. Calculate the remainder when 122 is divided by j.
29
Let u(i) = 3*i**2 + i + 1. Let o be u(-1). Suppose o*k = -k. Suppose 4*m + 0*m - 100 = k. Calculate the remainder when m is divided by 13.
12
Let v = -42 - -50. What is the remainder when 69 is divided by v?
5
Let l(k) = 3*k - 9. Let f(x) = -2*x + 1. Let r be f(-4). Let q = -1 + r. Calculate the remainder when 28 is divided by l(q).
13
Let v = -24 + 35. Let r = -37 - -78. Calculate the remainder when r is divided by v.
8
Calculate the remainder when 2 is divided by -4*((-9)/(-12) - 1).
0
Let t = 26 - 16. Suppose -60 = -2*y + w, 5*y - 3*w - 122 = y. What is the remainder when y is divided by t?
9
Calculate the remainder when 52/(-20) + 3 + (-196)/(-10) is divided by (0 + -21 - 1)/(-2).
9
Suppose p - 4*c = -1 + 21, -5*p = 2*c + 10. Suppose p*t = -t. Suppose -3*j + 16 + 8 = t. What is the remainder when 15 is divided by j?
7
Suppose 2*w - 79 - 59 = 0. Calculate the remainder when w is divided by (2 + -29)/((-27)/18).
15
Calculate the remainder when 222/36 - 6 - 1311/(-18) is divided by 37.
36
Let j = 62 + -27. What is the remainder when j is divided by (-65)/26*(0 + -2) + 13?
17
Suppose 0 = -8*x + 12*x - 8. Let n = -9 - -12. What is the remainder when n is divided by x?
1
Let v = 91 + -87. Let d(r) = 12*r**3 + 2*r**2 - 2*r + 1. What is the remainder when d(1) is divided by v?
1
Let p(l) be the first derivative of 3*l**2/2 - 14*l + 7. What is the remainder when 62 is divided by p(10)?
14
Calculate the remainder when ((-3)/(-2))/(2/36) is divided by 7.
6
Let d(n) = -10*n + 4*n + 0 + 2. Suppose 5*s + 28 = g, s + 4*g = 2*g + 1. Calculate the remainder when d(s) is divided by 11.
10
Suppose -u = -7 - 2. Suppose 0 = 2*g - 8 - 8. Let a = g + -3. What is the remainder when u is divided by a?
4
Suppose -5*r + 1 + 4 = 0. Let s(y) = 58*y**2. Let u be s(r). Suppose 4*c = l + u, 0 = c - l - 2 - 14. Calculate the remainder when 41 is divided by c.
13
Suppose -4*j + 72 = -2*n, -27 = -4*j - 2*n + 37. Calculate the remainder when 67 is divided by j.
16
Let j(v) = v**2 - 4*v + 9. Let k = -68 + 109. What is the remainder when k is divided by j(6)?
20
Let b(r) = r - 2. Let x(s) = s + 4. Let z be x(7). Suppose 4*w = -w + 3*c + 87, 12 = -3*c. Calculate the remainder when w is divided by b(z).
6
Let t = 168 + -116. What is the remainder when t is divided by (-6)/(-15) - 133/(-5)?
25
Let z = -19 + 45. Calculate the remainder when 102 is divided by z.
24
Let q(p) = -3*p**2 + 4*p - 3. Let k be q(4). Let u = 2 - k. Calculate the remainder when u is divided by 13.
11
Let x = 73 + -21. Suppose -2*o - y + 77 = o, 5*o = 3*y + 147. Calculate the remainder when x is divided by o.
25
Let n = 117 - 83. Calculate the remainder when n is divided by 13.
8
Let r(b) = b + 28. Let v be r(0). Let z(x) = -3*x - 4. Let i be z(-6). Let l = v - i. Calculate the remainder when l is divided by 5.
4
Let q be (-1)/(1 + (-3 - -1)). Let a be 6*(8/3 - q). Calculate the remainder when 24 is divided by (-25)/(-2) + 5/a.
11
Suppose -q = -2*q + 6. Suppose -3*c + q = 0, -c = -4*w + 2*c + 166. Calculate the remainder when w is divided by 11.
10
Suppose 0 = -u - u + 82. Calculate the remainder when u is divided by ((-1)/3)/((-4)/252).
20
Suppose -2*l - 33 = 2*l - 3*y, 0 = 3*l + 4*y + 6. Let x = -3 - l. Calculate the remainder when 8 is divided by x.
2
Suppose -10*x = -15*x + 10. Calculate the remainder when 16 is divided by x.
0
Let q = 19 + -4. What is the remainder when 73 is divided by q?
13
Let q be (-4)/14 + (-51)/(-7). Let c(k) = k**3 - 6*k**2 - 7*k + 8. Let g = 32 + -3. Calculate the remainder when g is divided by c(q).
5
Suppose -17 = 7*j - 276. Calculate the remainder when j is divided by 10.
7
Suppose 0 = -2*f + a + 20, 5*f + 0*f + 5*a = 50. Calculate the remainder when 18 is divided by f.
8
Suppose 431 + 10 = 7*s. Calculate the remainder when s is divided by 22.
19
Suppose -869 - 330 = -11*h. Calculate the remainder when h is divided by 10.
9
Let k(l) = -l**3 - l**2 + l + 34. What is the remainder when 52 is divided by k(0)?
18
What is the remainder when 52 is divided by 368/26 - (-2)/(-13)?
10
Let n(u) = 4*u**3 + 5*u**2 + 8*u - 13. Let y(q) = 7*q**3 + 11*q**2 + 15*q - 25. Let w(x) = -5*n(x) + 3*y(x). Calculate the remainder when w(-7) is divided by 2.
0
Let d(l) = l**3 + 3*l**2 - 5*l + 1. Let g be d(-4). Suppose -7 = -4*r + r + 4*u, u = g*r - 40. What is the remainder when 25 is divided by r?
7
Suppose 0*u + 4*u = 0. Suppose 3*f + 15 = 0, 4*n - 5*f = -u*n + 81. Calculate the remainder when 54 is divided by n.
12
Let m(c) = -c**2 - 4*c + 5. Let n(w) = w**2 - 2*w + 1. Calculate the remainder when m(-4) is divided by n(3).
1
Suppose x - 2*x + 39 = 0. Calculate the remainder when x is divided by 8.
7
Let f(r) = r**3 + 4*r**2 - 7*r + 2. Suppose m - 4*t - 25 = 42, 0 = -m - t + 42. Calculate the remainder when m is divided by f(-5).
11
Let y(p) = p**3 - 5*p**2 + p + 12. Calculate the remainder when 78 is divided by y(5).
10
Suppose 4*v + 4*t = -52 + 172, 2*v - t - 54 = 0. What is the remainder when 110 is divided by v?
26
Suppose 4*o = 3*o + 57. Calculate the remainder when o is divided by 16.
9
Let h = 175 - 104. Let j(c) = -c**3 - 22*c**2 - 24*c - 51. Calculate the remainder when h is divided by j(-21).
11
Let m(x) be the second derivative of x**3/3 + 4*x. Suppose -w = 4*w - 10. Calculate the remainder when m(w) is divided by 3.
1
Suppose 2*v = -0*v - 20. Let s = -6 - v. What is the remainder when 8 is divided by s?
0
Let l(x) = -1 + 3 - x**2 - 6 + 16*x + 5. What is the remainder when l(13) is divided by 14?
12
Let o = -21 + 63. What is the remainder when 81 is divided by o?
39
Suppose p + 8 = 5*p. Let w = p - -3. Suppose 2*a - 36 = -h, -a + 3*a = -2*h + 38. What is the remainder when a is divided by w?
2
Suppose 5*v = 71 + 214. What is the remainder when v is divided by 10?
7
Let v(y) = -17*y - 4. Let j be v(-5). Suppose -5*x = -l - j, x = l + 6 + 7. What is the remainder when x is divided by 12/(-4)*(-1 + -2)?
8
Suppose -2*n - n + o = -52, 5*o + 20 = 0. Suppose -3*d - 180 = -7*d. What is the remainder when d is divided by n?
13
Suppose -4*b + 15 = -21. Let c(z) = z**2 - 2*z + 9. Calculate the remainder when c(6) is divided by b.
6
Let c be ((-1 - 3) + -3)/(-1). Suppose -3*w = -1 + c, -3*v + 2*w + 10 = 0. Calculate the remainder when 4 is divided by v.
0
Suppose 2*a + 2*a - 11 = -3*y, 5*a + 29 = y. Suppose -p - 2*p + 15 = 0. What is the remainder when -1*(-6)/y*12 is divided by p?
3
Let p be -5 - -5 - (-1 + 0). What is the remainder when 46 is divided by (-8*p)/((-22)/33)?
10
Suppose m - 7 = -0*r + 2*r, 0 = -4*m + 5*r + 40. Let x(h) be the first derivative of -3*h**2/2 - 7*h - 1. Calculate the remainder when m is divided by x(-5).
7
Calculate the remainder when (-6)/8 - 6*(-707)/56 is divided by 16.
11
Let c be (-3 - -2 - -3) + -2. Suppose 3*x - 20 = -p, -3*x + 5 - 14 = c. Calculate the remainder when p is divided by 16.
13
Suppose 3*b + 2 - 67 = -5*s, 3*s - 4*b = 39. Let u(w) = 5*w - 20. Calculate the remainder when u(9) is divided by s.
12
Suppose -x - 2*x = -5*k - 295, 5*x + 5*k - 425 = 0. Calculate the remainder when x is divided by 31.
28
Suppose 0 = -24*q + 26*q - 14. What is the remainder when q is divided by 5?
2
Suppose 0 = 67*n - 68*n + 18. Calculate the remainder when 35 is divided by n.
17
Suppose 0 = 18*i - 17*i - 22. What is the remainder when i is divided by 13?
9
Let